{"id":6370,"date":"2024-04-23T12:35:19","date_gmt":"2024-04-23T10:35:19","guid":{"rendered":"https:\/\/asta.ostfalia.de\/?page_id=6370"},"modified":"2026-03-03T10:06:31","modified_gmt":"2026-03-03T09:06:31","slug":"nachtraeglicher-erwerbdeutschlandsemester-ticket","status":"publish","type":"page","link":"https:\/\/asta.ostfalia.de\/index.php\/nachtraeglicher-erwerbdeutschlandsemester-ticket\/","title":{"rendered":"Studieng\u00e4nge die kein Deutschlandsemester-Ticket beziehen"},"content":{"rendered":"\t\t<div data-elementor-type=\"wp-page\" data-elementor-id=\"6370\" class=\"elementor elementor-6370\">\n\t\t\t\t\t\t<div class=\"elementor-inner\">\n\t\t\t\t<div class=\"elementor-section-wrap\">\n\t\t\t\t\t\t\t\t\t<section class=\"elementor-section elementor-top-section elementor-element elementor-element-2b5ac19 elementor-hidden-desktop elementor-hidden-tablet elementor-hidden-phone elementor-section-boxed elementor-section-height-default elementor-section-height-default\" data-id=\"2b5ac19\" data-element_type=\"section\">\n\t\t\t\t\t\t<div class=\"elementor-container elementor-column-gap-default\">\n\t\t\t\t\t\t\t<div class=\"elementor-row\">\n\t\t\t\t\t<div class=\"elementor-column elementor-col-100 elementor-top-column elementor-element elementor-element-bc5c089\" data-id=\"bc5c089\" data-element_type=\"column\">\n\t\t\t<div class=\"elementor-column-wrap elementor-element-populated\">\n\t\t\t\t\t\t\t<div class=\"elementor-widget-wrap\">\n\t\t\t\t\t\t<div class=\"elementor-element elementor-element-1ffea11 elementor-widget elementor-widget-spacer\" data-id=\"1ffea11\" data-element_type=\"widget\" data-widget_type=\"spacer.default\">\n\t\t\t\t<div class=\"elementor-widget-container\">\n\t\t\t\t\t<div class=\"elementor-spacer\">\n\t\t\t<div class=\"elementor-spacer-inner\"><\/div>\n\t\t<\/div>\n\t\t\t\t<\/div>\n\t\t\t\t<\/div>\n\t\t\t\t<div class=\"elementor-element elementor-element-c8cc2fe elementor-widget elementor-widget-menu-anchor\" data-id=\"c8cc2fe\" data-element_type=\"widget\" data-widget_type=\"menu-anchor.default\">\n\t\t\t\t<div class=\"elementor-widget-container\">\n\t\t\t\t\t<div id=\"Kontakt\" class=\"elementor-menu-anchor\"><\/div>\n\t\t\t\t<\/div>\n\t\t\t\t<\/div>\n\t\t\t\t\t\t<\/div>\n\t\t\t\t\t<\/div>\n\t\t<\/div>\n\t\t\t\t\t\t\t\t<\/div>\n\t\t\t\t\t<\/div>\n\t\t<\/section>\n\t\t\t\t<section class=\"elementor-section elementor-top-section elementor-element elementor-element-c71edf3 elementor-section-full_width elementor-section-height-default elementor-section-height-default\" data-id=\"c71edf3\" data-element_type=\"section\">\n\t\t\t\t\t\t<div class=\"elementor-container elementor-column-gap-default\">\n\t\t\t\t\t\t\t<div class=\"elementor-row\">\n\t\t\t\t\t<div class=\"elementor-column elementor-col-100 elementor-top-column elementor-element elementor-element-009ef1f\" data-id=\"009ef1f\" data-element_type=\"column\">\n\t\t\t<div class=\"elementor-column-wrap\">\n\t\t\t\t\t\t\t<div class=\"elementor-widget-wrap\">\n\t\t\t\t\t\t\t\t<\/div>\n\t\t\t\t\t<\/div>\n\t\t<\/div>\n\t\t\t\t\t\t\t\t<\/div>\n\t\t\t\t\t<\/div>\n\t\t<\/section>\n\t\t\t\t<section class=\"elementor-section elementor-top-section elementor-element elementor-element-9adfa30 elementor-section-boxed elementor-section-height-default elementor-section-height-default\" data-id=\"9adfa30\" data-element_type=\"section\">\n\t\t\t\t\t\t<div class=\"elementor-container elementor-column-gap-default\">\n\t\t\t\t\t\t\t<div class=\"elementor-row\">\n\t\t\t\t\t<div class=\"elementor-column elementor-col-100 elementor-top-column elementor-element elementor-element-797e2a9\" data-id=\"797e2a9\" data-element_type=\"column\">\n\t\t\t<div class=\"elementor-column-wrap elementor-element-populated\">\n\t\t\t\t\t\t\t<div class=\"elementor-widget-wrap\">\n\t\t\t\t\t\t<section class=\"elementor-section elementor-inner-section elementor-element elementor-element-5c0b988 elementor-section-boxed elementor-section-height-default elementor-section-height-default\" data-id=\"5c0b988\" data-element_type=\"section\">\n\t\t\t\t\t\t<div class=\"elementor-container elementor-column-gap-default\">\n\t\t\t\t\t\t\t<div class=\"elementor-row\">\n\t\t\t\t\t<div class=\"elementor-column elementor-col-50 elementor-inner-column elementor-element elementor-element-9a44ebb\" data-id=\"9a44ebb\" data-element_type=\"column\">\n\t\t\t<div class=\"elementor-column-wrap\">\n\t\t\t\t\t\t\t<div class=\"elementor-widget-wrap\">\n\t\t\t\t\t\t\t\t<\/div>\n\t\t\t\t\t<\/div>\n\t\t<\/div>\n\t\t\t\t<div class=\"elementor-column elementor-col-50 elementor-inner-column elementor-element elementor-element-74271d7\" data-id=\"74271d7\" data-element_type=\"column\">\n\t\t\t<div class=\"elementor-column-wrap\">\n\t\t\t\t\t\t\t<div class=\"elementor-widget-wrap\">\n\t\t\t\t\t\t\t\t<\/div>\n\t\t\t\t\t<\/div>\n\t\t<\/div>\n\t\t\t\t\t\t\t\t<\/div>\n\t\t\t\t\t<\/div>\n\t\t<\/section>\n\t\t\t\t\t\t<\/div>\n\t\t\t\t\t<\/div>\n\t\t<\/div>\n\t\t\t\t\t\t\t\t<\/div>\n\t\t\t\t\t<\/div>\n\t\t<\/section>\n\t\t\t\t<section class=\"elementor-section elementor-top-section elementor-element elementor-element-4ab10d7 elementor-section-boxed elementor-section-height-default elementor-section-height-default\" data-id=\"4ab10d7\" data-element_type=\"section\">\n\t\t\t\t\t\t<div class=\"elementor-container elementor-column-gap-default\">\n\t\t\t\t\t\t\t<div class=\"elementor-row\">\n\t\t\t\t\t<div class=\"elementor-column elementor-col-100 elementor-top-column elementor-element elementor-element-eed7747\" data-id=\"eed7747\" data-element_type=\"column\">\n\t\t\t<div class=\"elementor-column-wrap elementor-element-populated\">\n\t\t\t\t\t\t\t<div class=\"elementor-widget-wrap\">\n\t\t\t\t\t\t<div class=\"elementor-element elementor-element-f3abead elementor--h-position-center elementor--v-position-middle elementor-arrows-position-inside elementor-pagination-position-inside elementor-widget elementor-widget-slides\" data-id=\"f3abead\" data-element_type=\"widget\" data-settings=\"{&quot;navigation&quot;:&quot;both&quot;,&quot;autoplay&quot;:&quot;yes&quot;,&quot;pause_on_hover&quot;:&quot;yes&quot;,&quot;pause_on_interaction&quot;:&quot;yes&quot;,&quot;autoplay_speed&quot;:5000,&quot;infinite&quot;:&quot;yes&quot;,&quot;transition&quot;:&quot;slide&quot;,&quot;transition_speed&quot;:500}\" data-widget_type=\"slides.default\">\n\t\t\t\t<div class=\"elementor-widget-container\">\n\t\t\t\t\t<div class=\"elementor-swiper\">\n\t\t\t<div class=\"elementor-slides-wrapper elementor-main-swiper swiper-container\" dir=\"ltr\" data-animation=\"fadeInUp\">\n\t\t\t\t<div class=\"swiper-wrapper elementor-slides\">\n\t\t\t\t\t<div class=\"elementor-repeater-item-b386f2d swiper-slide\"><div class=\"swiper-slide-bg\"><\/div><div class=\"swiper-slide-inner\" ><div class=\"swiper-slide-contents\"><div class=\"elementor-slide-heading\">Studieng\u00e4nge ohne Berechtigung auf das Deutschlandsemester-Ticket<\/div><\/div><\/div><\/div>\t\t\t\t<\/div>\n\t\t\t\t\t\t\t<\/div>\n\t\t<\/div>\n\t\t\t\t<\/div>\n\t\t\t\t<\/div>\n\t\t\t\t<div class=\"elementor-element elementor-element-16f33d8 elementor-widget elementor-widget-text-editor\" data-id=\"16f33d8\" data-element_type=\"widget\" data-widget_type=\"text-editor.default\">\n\t\t\t\t<div class=\"elementor-widget-container\">\n\t\t\t\t\t\t\t\t<div class=\"elementor-text-editor elementor-clearfix\">\n\t\t\t\t<p>Studierende der folgenden Studieng\u00e4nge (Bachelor- und Masterstudieng\u00e4nge) beziehen kein <strong>Deutschlandsemester-Ticket.<\/strong><\/p><p><strong>Es ist <span style=\"text-decoration: underline;\">kein<\/span> nachtr\u00e4glicher Erwerb \u00fcber den AStA m\u00f6glich!<\/strong><\/p><h1><\/h1><p><strong><span style=\"text-decoration: underline;\">Standort Wolfenb\u00fcttel:<\/span> <\/strong><\/p><ul><li>Entrepreneurship &amp; Innovation Management (Weiterbildender Master)<\/li><li>Sustainability an Risk Management (Weiterbildender Master)<\/li><li>Medieninformatik-Online (Online-Bachelor- und -Masterstudiengang)<\/li><li>Wirtschaftsinformatik-Online (Online-Bachelor- und -Masterstudiengang)<\/li><li>IT-Sicherheit (Online-Bachelorstudiengang)<\/li><li>Digital Automotive Production und Automotive Production (Weiterbildender Master)<\/li><li>Sozialmanagement (Weiterbildender Master)<\/li><li>Netztechnik und Netzbetrieb (Weiterbildender Master)<\/li><li>Soziale Arbeit (Online Bachelor Studiengang)<\/li><\/ul><p><span style=\"text-decoration: underline;\"><strong>Standort Wolfsburg:<\/strong><\/span><\/p><ul><li>Paramedic, Berufsp\u00e4dagogik und Management im Rettungsdienst (Berufsbegleitender Bachelor)<\/li><li>Fahrzeugsystemtechnologien (Weiterbildender Master)<\/li><li>Alternative Antriebe (Weiterbildender Master)<\/li><li>Fahrzeugtechnik\/-systemtechnik (Online-Bachelorstudiengang)<\/li><li>Wirtschaft f\u00fcr Ingenieure (Weiterbildender Master)<\/li><li>Automotive Service Technology and Processes (Weiterbildender Master)<\/li><\/ul><p><span style=\"text-decoration: underline;\"><strong>Standort Salzgitter:<\/strong><\/span><\/p><ul><li>Vertriebsmanagement (Weiterbildender Master)<\/li><li>Umwelt- und Qualit\u00e4tsmanagement (Weiterbildender Master)<\/li><li>Sustainable Business Development (Weiterbildender Master)<\/li><li>Stadtmarketing (Weiterbildender Master)<\/li><li>Management gesellschaftlicher Innovation (Weiterbildender Master)<\/li><\/ul><p><span style=\"text-decoration: underline;\"><strong>Standort Suderburg:<\/strong><\/span><\/p><ul><li>Betriebswirtschaftslehre Online (Online-Bachelor- und -Masterstudiengang)<\/li><\/ul><p><span style=\"text-decoration: underline;\"><strong>Alle anderen Studieng\u00e4nge erhalten zum SoSe 2026 das Deutschlandsemester-Ticket!!<\/strong><\/span><\/p><ul><li style=\"list-style-type: none;\"><ul><\/ul><\/li><\/ul>\t\t\t\t\t<\/div>\n\t\t\t\t\t\t<\/div>\n\t\t\t\t<\/div>\n\t\t\t\t\t\t<\/div>\n\t\t\t\t\t<\/div>\n\t\t<\/div>\n\t\t\t\t\t\t\t\t<\/div>\n\t\t\t\t\t<\/div>\n\t\t<\/section>\n\t\t\t\t\t\t\t\t\t<\/div>\n\t\t\t<\/div>\n\t\t\t\t\t<\/div>\n\t\t","protected":false},"excerpt":{"rendered":"<p>Studieng\u00e4nge ohne Berechtigung auf das Deutschlandsemester-Ticket Studierende der folgenden Studieng\u00e4nge (Bachelor- und Masterstudieng\u00e4nge) beziehen kein Deutschlandsemester-Ticket. Es ist kein nachtr\u00e4glicher Erwerb \u00fcber den AStA m\u00f6glich! Standort Wolfenb\u00fcttel: Entrepreneurship &amp; Innovation Management (Weiterbildender Master) Sustainability an Risk Management (Weiterbildender Master) Medieninformatik-Online (Online-Bachelor- und -Masterstudiengang) Wirtschaftsinformatik-Online (Online-Bachelor- und -Masterstudiengang) IT-Sicherheit (Online-Bachelorstudiengang) Digital [&hellip;]<\/p>\n","protected":false},"author":8,"featured_media":0,"parent":0,"menu_order":0,"comment_status":"closed","ping_status":"closed","template":"page-templates\/template-pagebuilder-full-width.php","meta":{"footnotes":""},"class_list":["post-6370","page","type-page","status-publish","hentry"],"_links":{"self":[{"href":"https:\/\/asta.ostfalia.de\/index.php\/wp-json\/wp\/v2\/pages\/6370","targetHints":{"allow":["GET"]}}],"collection":[{"href":"https:\/\/asta.ostfalia.de\/index.php\/wp-json\/wp\/v2\/pages"}],"about":[{"href":"https:\/\/asta.ostfalia.de\/index.php\/wp-json\/wp\/v2\/types\/page"}],"author":[{"embeddable":true,"href":"https:\/\/asta.ostfalia.de\/index.php\/wp-json\/wp\/v2\/users\/8"}],"replies":[{"embeddable":true,"href":"https:\/\/asta.ostfalia.de\/index.php\/wp-json\/wp\/v2\/comments?post=6370"}],"version-history":[{"count":54,"href":"https:\/\/asta.ostfalia.de\/index.php\/wp-json\/wp\/v2\/pages\/6370\/revisions"}],"predecessor-version":[{"id":7293,"href":"https:\/\/asta.ostfalia.de\/index.php\/wp-json\/wp\/v2\/pages\/6370\/revisions\/7293"}],"wp:attachment":[{"href":"https:\/\/asta.ostfalia.de\/index.php\/wp-json\/wp\/v2\/media?parent=6370"}],"curies":[{"name":"wp","href":"https:\/\/api.w.org\/{rel}","templated":true}]}}