{"id":6338,"date":"2024-04-23T09:51:26","date_gmt":"2024-04-23T07:51:26","guid":{"rendered":"https:\/\/asta.ostfalia.de\/?page_id=6338"},"modified":"2026-02-18T10:51:46","modified_gmt":"2026-02-18T09:51:46","slug":"rueckerstattung-deutschland-ticket","status":"publish","type":"page","link":"https:\/\/asta.ostfalia.de\/index.php\/rueckerstattung-deutschland-ticket\/","title":{"rendered":"R\u00fcckerstattung Deutschlandsemester-Ticket"},"content":{"rendered":"\t\t<div data-elementor-type=\"wp-page\" data-elementor-id=\"6338\" class=\"elementor elementor-6338\">\n\t\t\t\t\t\t<div class=\"elementor-inner\">\n\t\t\t\t<div class=\"elementor-section-wrap\">\n\t\t\t\t\t\t\t\t\t<section class=\"elementor-section elementor-top-section elementor-element elementor-element-27f1091 elementor-section-full_width elementor-section-height-default elementor-section-height-default\" data-id=\"27f1091\" data-element_type=\"section\">\n\t\t\t\t\t\t<div class=\"elementor-container elementor-column-gap-default\">\n\t\t\t\t\t\t\t<div class=\"elementor-row\">\n\t\t\t\t\t<div class=\"elementor-column elementor-col-100 elementor-top-column elementor-element elementor-element-489f014\" data-id=\"489f014\" data-element_type=\"column\">\n\t\t\t<div class=\"elementor-column-wrap elementor-element-populated\">\n\t\t\t\t\t\t\t<div class=\"elementor-widget-wrap\">\n\t\t\t\t\t\t<div class=\"elementor-element elementor-element-68bc827 elementor-widget__width-initial elementor--h-position-center elementor--v-position-middle elementor-arrows-position-inside elementor-pagination-position-inside elementor-widget elementor-widget-slides\" data-id=\"68bc827\" data-element_type=\"widget\" data-settings=\"{&quot;navigation&quot;:&quot;both&quot;,&quot;autoplay&quot;:&quot;yes&quot;,&quot;pause_on_hover&quot;:&quot;yes&quot;,&quot;pause_on_interaction&quot;:&quot;yes&quot;,&quot;autoplay_speed&quot;:5000,&quot;infinite&quot;:&quot;yes&quot;,&quot;transition&quot;:&quot;slide&quot;,&quot;transition_speed&quot;:500}\" data-widget_type=\"slides.default\">\n\t\t\t\t<div class=\"elementor-widget-container\">\n\t\t\t\t\t<div class=\"elementor-swiper\">\n\t\t\t<div class=\"elementor-slides-wrapper elementor-main-swiper swiper-container\" dir=\"ltr\" data-animation=\"fadeInUp\">\n\t\t\t\t<div class=\"swiper-wrapper elementor-slides\">\n\t\t\t\t\t<div class=\"elementor-repeater-item-2f11f38 swiper-slide\"><div class=\"swiper-slide-bg\"><\/div><div class=\"swiper-slide-inner\" ><div class=\"swiper-slide-contents\"><div class=\"elementor-slide-heading\">Beantragung R\u00fcckerstattung des Beitrages f\u00fcr das Deutschlandsemester-Ticket<\/div><\/div><\/div><\/div>\t\t\t\t<\/div>\n\t\t\t\t\t\t\t<\/div>\n\t\t<\/div>\n\t\t\t\t<\/div>\n\t\t\t\t<\/div>\n\t\t\t\t\t\t<\/div>\n\t\t\t\t\t<\/div>\n\t\t<\/div>\n\t\t\t\t\t\t\t\t<\/div>\n\t\t\t\t\t<\/div>\n\t\t<\/section>\n\t\t\t\t<section class=\"elementor-section elementor-top-section elementor-element elementor-element-2b5ac19 elementor-hidden-desktop elementor-hidden-tablet elementor-hidden-phone elementor-section-boxed elementor-section-height-default elementor-section-height-default\" data-id=\"2b5ac19\" data-element_type=\"section\">\n\t\t\t\t\t\t<div class=\"elementor-container elementor-column-gap-default\">\n\t\t\t\t\t\t\t<div class=\"elementor-row\">\n\t\t\t\t\t<div class=\"elementor-column elementor-col-100 elementor-top-column elementor-element elementor-element-bc5c089\" data-id=\"bc5c089\" data-element_type=\"column\">\n\t\t\t<div class=\"elementor-column-wrap elementor-element-populated\">\n\t\t\t\t\t\t\t<div class=\"elementor-widget-wrap\">\n\t\t\t\t\t\t<div class=\"elementor-element elementor-element-1ffea11 elementor-widget elementor-widget-spacer\" data-id=\"1ffea11\" data-element_type=\"widget\" data-widget_type=\"spacer.default\">\n\t\t\t\t<div class=\"elementor-widget-container\">\n\t\t\t\t\t<div class=\"elementor-spacer\">\n\t\t\t<div class=\"elementor-spacer-inner\"><\/div>\n\t\t<\/div>\n\t\t\t\t<\/div>\n\t\t\t\t<\/div>\n\t\t\t\t<div class=\"elementor-element elementor-element-c8cc2fe elementor-widget elementor-widget-menu-anchor\" data-id=\"c8cc2fe\" data-element_type=\"widget\" data-widget_type=\"menu-anchor.default\">\n\t\t\t\t<div class=\"elementor-widget-container\">\n\t\t\t\t\t<div id=\"Kontakt\" class=\"elementor-menu-anchor\"><\/div>\n\t\t\t\t<\/div>\n\t\t\t\t<\/div>\n\t\t\t\t\t\t<\/div>\n\t\t\t\t\t<\/div>\n\t\t<\/div>\n\t\t\t\t\t\t\t\t<\/div>\n\t\t\t\t\t<\/div>\n\t\t<\/section>\n\t\t\t\t<section class=\"elementor-section elementor-top-section elementor-element elementor-element-ee3cf92 elementor-section-boxed elementor-section-height-default elementor-section-height-default\" data-id=\"ee3cf92\" data-element_type=\"section\" data-settings=\"{&quot;background_background&quot;:&quot;classic&quot;}\">\n\t\t\t\t\t\t<div class=\"elementor-container elementor-column-gap-default\">\n\t\t\t\t\t\t\t<div class=\"elementor-row\">\n\t\t\t\t\t<div class=\"elementor-column elementor-col-100 elementor-top-column elementor-element elementor-element-772094a\" data-id=\"772094a\" data-element_type=\"column\">\n\t\t\t<div class=\"elementor-column-wrap elementor-element-populated\">\n\t\t\t\t\t\t\t<div class=\"elementor-widget-wrap\">\n\t\t\t\t\t\t<div class=\"elementor-element elementor-element-2a511cc elementor-widget elementor-widget-text-editor\" data-id=\"2a511cc\" data-element_type=\"widget\" data-widget_type=\"text-editor.default\">\n\t\t\t\t<div class=\"elementor-widget-container\">\n\t\t\t\t\t\t\t\t<div class=\"elementor-text-editor elementor-clearfix\">\n\t\t\t\t<p><span style=\"text-decoration: underline;\">Unter bestimmten Bedingungen kann das<\/span><\/p><ul><li>Deutschlandsemester-Ticket<\/li><\/ul><p>mit <span style=\"color: #ff6600;\"><em>Antrag auf R\u00fcckerstattung<\/em><\/span> <strong><span style=\"text-decoration: underline;\">inkl. Nachweisen<\/span> <\/strong>erstattet werden.<\/p><p><span style=\"text-decoration: underline;\">Gr\u00fcnde k\u00f6nnen wie folgt lauten:<\/span><\/p><ul><li>bereits genehmigtes Urlaubssemester <em><span style=\"color: #ff6600;\"><em>(Bescheinigung der Ostfalia \u00fcber genehmigtes Urlaubssemester beif\u00fcgen)<\/em><\/span><\/em><\/li><li>Doppelimmatrikulation <em><span style=\"color: #ff6600;\"><em>(beide Immatrikulationsbescheinigungen beif\u00fcgen)<\/em><\/span><\/em><\/li><li>Schwerbehinderung mit Anspruch auf unentgeltliche Bef\u00f6rderung im \u00f6ffentlichen Personenverkehr <em><span style=\"color: #ff6600;\"><em>(Schwerbehindertenausweis und Beiblatt zur Bef\u00f6rderung beif\u00fcgen)<\/em><\/span><\/em><\/li><li>im Studium vorgeschriebener Auslandsaufenthalt (Auslands-Praxissemester) <em><span style=\"color: #ff6600;\"><em>(Immatrikulation der ausl\u00e4ndischen Uni\/Hochschule beif\u00fcgen)<\/em><\/span><\/em><\/li><li>Exmatrikulation <em><span style=\"color: #ff6600;\"><em>(Exmatrikulationsbescheinigung beif\u00fcgen)<\/em><\/span><\/em><\/li><li>R\u00fccknahme der Immatrikulation <em><span style=\"color: #ff6600;\"><em>(Schreiben\/Mail des Immatrikulationsb\u00fcros \u00fcber R\u00fccknahme der Immatrikulation beif\u00fcgen)<\/em><\/span><\/em><\/li><li>freiwilliger Aufenthalt \u00fcber mehr als 90 zusammenh\u00e4ngende Tage w\u00e4hrend des Semesters (ab 01.09. bzw. 01.03.) au\u00dferhalb des Geltungsbereichs <em>des Deuschlandtickets<\/em>,<ul><li style=\"list-style-type: none;\"><ul><li>f\u00fcr ein <span style=\"text-decoration: underline;\">freiwilliges Praktikum im Ausland <\/span><em><em><span style=\"color: #ff6600;\">(Praktikumsvertrag beif\u00fcgen)<\/span><\/em>, <\/em><\/li><li><em><span style=\"text-decoration: underline;\">freiwilligen Auslandsaufenthalt zu Studienzwecken<\/span> <em><span style=\"color: #ff6600;\">(Bescheinigung zum Aufenthalt beif\u00fcgen)<\/span><\/em> oder <\/em><\/li><li><em><span style=\"text-decoration: underline;\">Erstellung der Abschlussarbeit im Ausland<\/span> <em><span style=\"color: #ff6600;\">(Best\u00e4tigung der Ostfalia beif\u00fcgen)<\/span><\/em><span style=\"text-decoration: underline;\"><br \/><\/span><\/em><\/li><\/ul><\/li><\/ul><\/li><\/ul><p>Den <strong>Antrag<\/strong> gilt es unter Einhaltung von <strong>Fristen (1 Monat nach Vorlesungsbeginn) Sommersemester: bis 02.04.2026<\/strong>; <br \/>die <strong>Nachweise<\/strong> sind bis <strong>sp\u00e4testens zum Ende der Einreichungsfrist:<\/strong> <strong>30.04.2026;<\/strong> des Antrages bei der AStA-Gesch\u00e4ftsstelle abzugeben.<\/p><p><strong>Bitte vergesst nicht Euch f\u00fcr das DSemTi einzuloggen<\/strong>, wir m\u00fcssen Euch aktiv l\u00f6schen!\u00a0<em><a href=\"https:\/\/asta.ostfalia.de\/index.php\/link-und-datenschutz-zum-dsemti\/\">https:\/\/asta.ostfalia.de\/index.php\/link-und-datenschutz-zum-dsemti\/<\/a><\/em><br \/><strong>Liegen die Nachweise bis zu diesen Fristen nicht vor, wird der Antrag nicht bearbeitet.<\/strong><\/p><p>Bei Fragen zur Erstattung des Deutschland-Tickets steht euch die AStA-Gesch\u00e4ftsstelle unter<br \/><a href=\"mailto:asta-geschaeftsstelle@ostfalia.de\" span=\"\" style=\"color: #ff6600;\">asta-geschaeftsstelle@ostfalia.de<\/a> zur Verf\u00fcgung.<\/p><p><b>Ben\u00f6tigte Dokumente<\/b><\/p>\t\t\t\t\t<\/div>\n\t\t\t\t\t\t<\/div>\n\t\t\t\t<\/div>\n\t\t\t\t\t\t<\/div>\n\t\t\t\t\t<\/div>\n\t\t<\/div>\n\t\t\t\t\t\t\t\t<\/div>\n\t\t\t\t\t<\/div>\n\t\t<\/section>\n\t\t\t\t<section class=\"elementor-section elementor-top-section elementor-element elementor-element-ebf9eb7 elementor-section-boxed elementor-section-height-default elementor-section-height-default\" data-id=\"ebf9eb7\" data-element_type=\"section\">\n\t\t\t\t\t\t<div class=\"elementor-container elementor-column-gap-default\">\n\t\t\t\t\t\t\t<div class=\"elementor-row\">\n\t\t\t\t\t<div class=\"elementor-column elementor-col-100 elementor-top-column elementor-element elementor-element-2e3631a\" data-id=\"2e3631a\" data-element_type=\"column\">\n\t\t\t<div class=\"elementor-column-wrap elementor-element-populated\">\n\t\t\t\t\t\t\t<div class=\"elementor-widget-wrap\">\n\t\t\t\t\t\t<div class=\"elementor-element elementor-element-8dab97f elementor-position-left elementor-view-default elementor-mobile-position-top elementor-vertical-align-top elementor-widget elementor-widget-icon-box\" data-id=\"8dab97f\" data-element_type=\"widget\" data-widget_type=\"icon-box.default\">\n\t\t\t\t<div class=\"elementor-widget-container\">\n\t\t\t\t\t<div class=\"elementor-icon-box-wrapper\">\n\t\t\t\t\t\t<div class=\"elementor-icon-box-icon\">\n\t\t\t\t<a class=\"elementor-icon elementor-animation-\" href=\"https:\/\/asta.ostfalia.de\/wp-content\/uploads\/2025\/10\/Antrag_auf_Rueckerstattung-D-Ticket-20251029.pdf\">\n\t\t\t\t<i aria-hidden=\"true\" class=\"fas fa-file-pdf\"><\/i>\t\t\t\t<\/a>\n\t\t\t<\/div>\n\t\t\t\t\t\t<div class=\"elementor-icon-box-content\">\n\t\t\t\t<h3 class=\"elementor-icon-box-title\">\n\t\t\t\t\t<a href=\"https:\/\/asta.ostfalia.de\/wp-content\/uploads\/2025\/10\/Antrag_auf_Rueckerstattung-D-Ticket-20251029.pdf\" >\n\t\t\t\t\t\tAntrag auf R\u00fcckerstattung Deutschlandsemester-Ticket Beitrag\t\t\t\t\t<\/a>\n\t\t\t\t<\/h3>\n\t\t\t\t\t\t\t<\/div>\n\t\t<\/div>\n\t\t\t\t<\/div>\n\t\t\t\t<\/div>\n\t\t\t\t\t\t<\/div>\n\t\t\t\t\t<\/div>\n\t\t<\/div>\n\t\t\t\t\t\t\t\t<\/div>\n\t\t\t\t\t<\/div>\n\t\t<\/section>\n\t\t\t\t<section class=\"elementor-section elementor-top-section elementor-element elementor-element-95d1827 elementor-section-boxed elementor-section-height-default elementor-section-height-default\" data-id=\"95d1827\" data-element_type=\"section\">\n\t\t\t\t\t\t<div class=\"elementor-container elementor-column-gap-default\">\n\t\t\t\t\t\t\t<div class=\"elementor-row\">\n\t\t\t\t\t<div class=\"elementor-column elementor-col-100 elementor-top-column elementor-element elementor-element-623739e\" data-id=\"623739e\" data-element_type=\"column\">\n\t\t\t<div class=\"elementor-column-wrap\">\n\t\t\t\t\t\t\t<div class=\"elementor-widget-wrap\">\n\t\t\t\t\t\t\t\t<\/div>\n\t\t\t\t\t<\/div>\n\t\t<\/div>\n\t\t\t\t\t\t\t\t<\/div>\n\t\t\t\t\t<\/div>\n\t\t<\/section>\n\t\t\t\t<section class=\"elementor-section elementor-top-section elementor-element elementor-element-0bfa8fe elementor-section-boxed elementor-section-height-default elementor-section-height-default\" data-id=\"0bfa8fe\" data-element_type=\"section\">\n\t\t\t\t\t\t<div class=\"elementor-container elementor-column-gap-default\">\n\t\t\t\t\t\t\t<div class=\"elementor-row\">\n\t\t\t\t\t<div class=\"elementor-column elementor-col-100 elementor-top-column elementor-element elementor-element-1cc0b81\" data-id=\"1cc0b81\" data-element_type=\"column\">\n\t\t\t<div class=\"elementor-column-wrap elementor-element-populated\">\n\t\t\t\t\t\t\t<div class=\"elementor-widget-wrap\">\n\t\t\t\t\t\t<div class=\"elementor-element elementor-element-a735e23 elementor-align-center elementor-widget elementor-widget-button\" data-id=\"a735e23\" data-element_type=\"widget\" data-widget_type=\"button.default\">\n\t\t\t\t<div class=\"elementor-widget-container\">\n\t\t\t\t\t<div class=\"elementor-button-wrapper\">\n\t\t\t<a href=\"https:\/\/xwiki.sonia.de\/wiki\/iso\/view\/ZOIS%20-%20Zentrales%20Ostfalia%20Informationssystem\/Studienfinanzierung%20und%20-geb%C3%BChren\/Beitrag%20f%C3%BCr%20das%20Deutschlandsemester-Ticket%20r%C3%BCckerstatten%20ZOIS\/\" class=\"elementor-button-link elementor-button elementor-size-sm\" role=\"button\">\n\t\t\t\t\t\t<span class=\"elementor-button-content-wrapper\">\n\t\t\t\t\t\t<span class=\"elementor-button-text\">Visualisierung des Prozessablaufs<\/span>\n\t\t<\/span>\n\t\t\t\t\t<\/a>\n\t\t<\/div>\n\t\t\t\t<\/div>\n\t\t\t\t<\/div>\n\t\t\t\t\t\t<\/div>\n\t\t\t\t\t<\/div>\n\t\t<\/div>\n\t\t\t\t\t\t\t\t<\/div>\n\t\t\t\t\t<\/div>\n\t\t<\/section>\n\t\t\t\t\t\t\t\t\t<\/div>\n\t\t\t<\/div>\n\t\t\t\t\t<\/div>\n\t\t","protected":false},"excerpt":{"rendered":"<p>Beantragung R\u00fcckerstattung des Beitrages f\u00fcr das Deutschlandsemester-Ticket Unter bestimmten Bedingungen kann das Deutschlandsemester-Ticket mit Antrag auf R\u00fcckerstattung inkl. Nachweisen erstattet werden. Gr\u00fcnde k\u00f6nnen wie folgt lauten: bereits genehmigtes Urlaubssemester (Bescheinigung der Ostfalia \u00fcber genehmigtes Urlaubssemester beif\u00fcgen) Doppelimmatrikulation (beide Immatrikulationsbescheinigungen beif\u00fcgen) Schwerbehinderung mit Anspruch auf unentgeltliche Bef\u00f6rderung im \u00f6ffentlichen Personenverkehr (Schwerbehindertenausweis [&hellip;]<\/p>\n","protected":false},"author":8,"featured_media":0,"parent":0,"menu_order":0,"comment_status":"closed","ping_status":"closed","template":"page-templates\/template-pagebuilder-full-width.php","meta":{"footnotes":""},"class_list":["post-6338","page","type-page","status-publish","hentry"],"_links":{"self":[{"href":"https:\/\/asta.ostfalia.de\/index.php\/wp-json\/wp\/v2\/pages\/6338","targetHints":{"allow":["GET"]}}],"collection":[{"href":"https:\/\/asta.ostfalia.de\/index.php\/wp-json\/wp\/v2\/pages"}],"about":[{"href":"https:\/\/asta.ostfalia.de\/index.php\/wp-json\/wp\/v2\/types\/page"}],"author":[{"embeddable":true,"href":"https:\/\/asta.ostfalia.de\/index.php\/wp-json\/wp\/v2\/users\/8"}],"replies":[{"embeddable":true,"href":"https:\/\/asta.ostfalia.de\/index.php\/wp-json\/wp\/v2\/comments?post=6338"}],"version-history":[{"count":149,"href":"https:\/\/asta.ostfalia.de\/index.php\/wp-json\/wp\/v2\/pages\/6338\/revisions"}],"predecessor-version":[{"id":7218,"href":"https:\/\/asta.ostfalia.de\/index.php\/wp-json\/wp\/v2\/pages\/6338\/revisions\/7218"}],"wp:attachment":[{"href":"https:\/\/asta.ostfalia.de\/index.php\/wp-json\/wp\/v2\/media?parent=6338"}],"curies":[{"name":"wp","href":"https:\/\/api.w.org\/{rel}","templated":true}]}}